 and 15.
5
Let i(p) = -293*p + 2515. Let x be i(-11). What is the greatest common factor of x and 76?
38
Suppose -2*y = 2*g - 2898, -3*y = -3*g - 6137 + 1754. What is the greatest common factor of 45 and y?
15
Let h(b) = b**2 + 13*b + 18. Let y be h(-13). Let c be ((-6670)/1035)/(1/(-27)). Calculate the highest common divisor of c and y.
6
Let b be 5460/45*(-423)/(-12). Let x be b/65 - (-1)/5. Calculate the highest common factor of x and 418.
22
Suppose 2*r + 1138 = 1282. Calculate the highest common divisor of r and 234.
18
Suppose -14 + 2 = -6*x. Suppose -3*w = 4*b - 11, -5*b - x = w + w. What is the highest common factor of 21 and w?
3
Let w be ((-4)/6)/((-2)/6). Suppose 5*t - 12 = -w*x, -x = -3*t - 0*t - 17. Calculate the greatest common divisor of 88 and x.
11
Let h be (-6)/(-5)*5 + (1 - 3). Let x be 330/h*(-132)/(-99). What is the greatest common factor of 20 and x?
10
Suppose 4*z + 189 - 221 = 0. Suppose 4*j - 392 = 4*r, 6*r - z*r - 496 = -5*j. Calculate the highest common factor of j and 20.
20
Suppose -165 = -3*g - i, g - 2*i = 46 + 23. What is the greatest common divisor of g and 7239?
57
Suppose 2*r + 106 = r - x, x = 2*r + 212. Let u = r - -97. Let g be (u/12)/(1/(-56)). What is the highest common divisor of 14 and g?
14
Suppose -5*d - 20157 + 21752 = 0. Calculate the highest common divisor of d and 77.
11
Let v(w) = w**2 + 4*w + 4. Let x be v(-2). Suppose -3*r + 5*b + 957 - 132 = x, 5*b = 15. Suppose 11*t - 59 = 326. What is the highest common factor of t and r?
35
Suppose -708 = -2*z + 2*l, 4*l = -4*z + 381 + 1011. Let x = z + -181. Suppose -x + 20 = -10*a. What is the highest common divisor of 165 and a?
15
Let l(u) = -45*u**3 - 4*u**2 - u + 5. Let j be (-42)/105 + 8/(-5). Let o be l(j). What is the highest common factor of 54 and o?
27
Let h(o) = 255*o**2 + o + 1. Let x be h(-1). Suppose -2*l - 424 = -4*l. Let u = 314 - l. What is the highest common factor of u and x?
51
Let y(w) = -w**2 - 1. Let t(g) = 4*g**2 + 40*g + 19. Let c(b) = t(b) + 5*y(b). Let k be c(17). Calculate the highest common divisor of 15 and k.
15
Let w = -1167 - -1305. Calculate the highest common divisor of 270 and w.
6
Let g be 228/36*(3 + 0). Let f(h) = 3*h**2 + 27*h - 452. Let m be f(12). What is the greatest common divisor of m and g?
19
Let g be 54/(22/(-99) + 40/99). Suppose 2*f + 2*y - 4*y = 20, 0 = -2*f + 3*y + 21. Calculate the greatest common divisor of f and g.
9
Let t(l) be the first derivative of 23*l**2/2 - 5*l + 82. Let x be t(6). What is the highest common divisor of x and 7?
7
Suppose -5*v - 21 = 7*w - 10*w, 0 = -3*v - 9. Suppose 4*n - w*y - 1034 = -4*y, 0 = -n - 2*y + 266. Calculate the greatest common factor of 64 and n.
64
Let v = -44 - -65. Suppose 126*u - 3346 = -113*u. What is the greatest common divisor of v and u?
7
Let d(p) = 0*p - 9*p - 2 + 64*p**2 + 8*p. Let j be d(-1). Calculate the greatest common factor of 18 and j.
9
Suppose -n + y + 4 = 0, 0 = -5*n + 4*y - y + 24. Suppose n*i + 1880 = 10*i. Suppose 3*q - 55 - i = 0. Calculate the greatest common factor of q and 25.
25
Suppose 14*u - 112 = -28. Let r(k) = k**3 - 7*k**2 + 3*k + 23. Let t be r(u). Calculate the highest common divisor of 5 and t.
5
Suppose 384 = 9*h - h. Suppose h = 30*f - 22*f. What is the highest common factor of f and 10?
2
Suppose -3*g - 2*a = -691, 27*g - 25*g = -4*a + 458. What is the highest common divisor of g and 33?
33
Let u be 39494/490 + 9/(-15). Calculate the highest common divisor of 310 and u.
10
Suppose -s - 4*s = 0, -1961 + 181 = -5*k + 4*s. Calculate the greatest common factor of 4094 and k.
178
Suppose -119*d = -136*d + 17. Suppose 0 = 4*f + 3 - 119. What is the highest common divisor of f and d?
1
Let y = -1 - -2. Let x be 4 + (-10)/5 + 0/y. Suppose 0 = 4*u + x*o - 762, 0*u - 2*o + 570 = 3*u. What is the highest common divisor of u and 24?
24
Let a(s) = 20*s + 112. Let m be a(-5). Let n be 130/15 + 28/m. What is the highest common factor of 22 and n?
11
Suppose -i + 10 = i. Let s be 2 - (-3 - (3 + 5 - 2)). Suppose -4*h - 2*p + 218 = 0, -s*h + 5*p = -10*h - 60. What is the greatest common divisor of i and h?
5
Let a be (-238)/238*5/(5/(-2)). What is the highest common factor of a and 264?
2
Let b be 119*(-8)/(-28) - 4. Let w be (-20 + 1)/(6/(-60)). Suppose 35 = m + 2*y, -m + 2*y + w = 3*m. What is the highest common factor of m and b?
15
Let x = 14620 + -14484. Let b be (3/((-6)/(-32)))/2. What is the highest common factor of x and b?
8
Let s(n) = -2. Let m(f) = -7*f + 43. Let h(r) = -m(r) + 5*s(r). Let w be h(11). What is the highest common factor of 12 and w?
12
Let m(w) = 66*w + 582. Let a be m(-8). Calculate the greatest common factor of a and 12.
6
Let u(s) = 17*s**2 + 28*s - 8. Let a be u(-4). Suppose v = n + 41, -2*n - 140 = -4*v - 6*n. Calculate the highest common factor of a and v.
38
Let j(y) = -2*y**3 - 11*y**2 + 15*y + 23. Let g be j(-7). Suppose 2*t + g = m, -3*t + 11 = -4. What is the highest common factor of m and 275?
25
Let x(n) be the first derivative of 4*n**2 + 65*n + 38. Let b be x(-8). Suppose 16 - b = 5*h. Calculate the greatest common divisor of h and 27.
3
Let o be (0 - 0)/(-3) - -7. Suppose 1 = 4*s + 49. Let v(i) = i**2 + 8*i - 13. Let m be v(s). What is the highest common factor of o and m?
7
Let d(c) = -37*c**3 + 3*c - 2. Suppose 4*y = -0*y + q + 5, -4*y + 8 = -4*q. Let g be d(y). Let p = g + 53. Calculate the highest common factor of 85 and p.
17
Let l(z) = 15*z**2 + 84*z - 17. Let n be l(-7). What is the greatest common factor of n and 1092?
26
Suppose -60*x + 105*x - 7560 = 0. Calculate the highest common divisor of x and 7.
7
Let t(b) = b + 1. Let v(k) = 3*k + 2. Suppose 5*d - 9*d = -32. Let y(x) = d*t(x) - 3*v(x). Let w be y(-11). What is the greatest common factor of w and 13?
13
Let g(o) = -19*o - 48. Let w be g(-4). Suppose -53 = -5*b + 4*c, 0 = b - 5*c + w - 47. Calculate the greatest common divisor of b and 234.
9
Let h be ((-7)/((-483)/92))/(2/24). Let m(c) = 2*c**3 - 3*c**2 + 2*c + 3. Let g be m(3). What is the highest common divisor of h and g?
4
Suppose -29 - 91 = -4*f + 4*g, f = 2*g + 25. Let w = -208 - -222. What is the greatest common divisor of f and w?
7
Suppose 0 = -5*i - n + 1679, 5*i + 8*n - 6*n = 1683. Suppose 0 = -i*c + 339*c - 84. Calculate the greatest common divisor of c and 3.
3
Suppose 13*x = 11*x + 8, 0 = -5*m + x + 1206. Suppose 6*a - m = -56. What is the highest common factor of a and 248?
31
Let w(n) = -738*n + 21298. Let l be w(26). What is the highest common factor of 150 and l?
10
Let t(p) = 61*p. Let y be t(2). Let j(m) = -3 - y*m**2 + 66*m**2 + 57*m**2 - 8*m. Let w be j(11). Calculate the highest common divisor of w and 30.
30
Let u be 1/(-3)*(4 - 205)*1. Suppose 10*z + u = 367. Let i = 10 + 0. Calculate the greatest common divisor of z and i.
10
Suppose -2*f - 4*y + 1964 = 0, -3*f + 2953 = 6*y - 7*y. Calculate the highest common factor of 24 and f.
24
Let x = -343 - -345. Let t be -5*(5304/(-20))/x. What is the highest common divisor of 78 and t?
39
Let y = 15 - 5. Let o(n) = -n**2 + 11*n - 1. Let w be o(y). Let v = -1128 - -1173. What is the highest common factor of w and v?
9
Let h(k) = -k**3 + 3*k**2 - 3*k + 10. Let q be h(3). Let f be ((-10)/q)/((-10)/145). What is the highest common divisor of 5 and f?
5
Let y be (-7)/21 + (-19464)/(-18). Suppose 4*k + 16 = 0, -5*c + 4*k + y = -0*k. Calculate the highest common factor of 142 and c.
71
Let t be 3 + -3 - -41 - -1. Suppose -2*g + t + 18 = 0. Let a = 7607 - 7577. Calculate the highest common divisor of g and a.
30
Let j = -971 + 4849. Calculate the highest common factor of 70 and j.
14
Let l = 31838 + -21971. What is the greatest common factor of 207 and l?
69
Let o = -179 - -297. Suppose 0*u + 3*u - 4*r = 173, 0 = -2*u + 4*r + o. Calculate the highest common divisor of u and 11.
11
Let k(y) = 2*y**2 + y - 6. Let b be k(-6). Let w(r) = -r**2 + r + 10. Let j be w(6). Let f = j + b. Calculate the greatest common factor of f and 8.
8
Let m be (4 + -16 + -240)/(3/(-8)). Suppose -54*b + m = -22*b. Calculate the greatest common factor of b and 42.
21
Let j(m) = -2*m**3 + 15*m**2 + 64*m + 13. Let h be j(-4). Calculate the greatest common divisor of h and 6625.
125
Let s be (-13)/(234/(-252)) + 32. Calculate the highest common fa